{"id":9389,"date":"2026-03-18T16:25:12","date_gmt":"2026-03-18T15:25:12","guid":{"rendered":"https:\/\/www.investincotedazur.com\/?post_type=cpt_evenements&#038;p=9389"},"modified":"2026-03-18T16:25:15","modified_gmt":"2026-03-18T15:25:15","slug":"entreprenariales-2024","status":"publish","type":"cpt_evenements","link":"https:\/\/www.investincotedazur.com\/en\/evenements\/entreprenariales-2024\/","title":{"rendered":"Entreprenariales 2026"},"content":{"rendered":"<p><strong>Faits marquants :<\/strong><\/p>\n<ol>\n<li>Le th\u00e8me de l&#8217;\u00e9dition 2024 est &#8220;Ensemble pour un territoire responsable&#8221;.<\/li>\n<li>L&#8217;\u00e9v\u00e9nement se tiendra au stade Allianz Riviera \u00e0 Nice le 21 novembre.<\/li>\n<li>Deux villages d&#8217;entreprises seront organis\u00e9s : Territoire responsable et Services aux entreprises.<\/li>\n<\/ol>\n<p>L&#8217;\u00e9dition 2024 des Entreprenariales se d\u00e9roulera le 21 novembre de 9h \u00e0 18h au stade Allianz Riviera de Nice. Organis\u00e9e par l&#8217;UPE06, cette journ\u00e9e d\u00e9di\u00e9e aux entrepreneurs de la C\u00f4te d&#8217;Azur mettra en lumi\u00e8re des initiatives visant \u00e0 r\u00e9duire l&#8217;empreinte carbone des entreprises et \u00e0 int\u00e9grer la durabilit\u00e9 dans leurs activit\u00e9s.<\/p>\n<h3>Un \u00e9v\u00e9nement au c\u0153ur de l&#8217;innovation responsable<\/h3>\n<p>L&#8217;an dernier, sur le th\u00e8me &#8220;Entreprise inclusive, un enjeu de performance&#8221;, l&#8217;\u00e9v\u00e9nement a r\u00e9uni plus de 5.000 responsables d&#8217;entreprises autour de discussions et d&#8217;\u00e9changes fructueux. Avec une centaine de stands, l&#8217;\u00e9dition pr\u00e9c\u00e9dente a mis en avant les avantages de l&#8217;inclusivit\u00e9 pour la performance des entreprises. Cette ann\u00e9e, l&#8217;accent sera mis sur la responsabilit\u00e9 environnementale, un sujet de plus en plus crucial pour les entreprises de la r\u00e9gion.<\/p>\n<h3>Deux villages d&#8217;entreprises pour un impact concret<\/h3>\n<p>Les Entreprenariales 2024 se distingueront par leurs deux villages th\u00e9matiques :<\/p>\n<ol>\n<li><strong>Territoire responsable<\/strong> : Ce village se concentrera sur les solutions permettant aux entreprises de r\u00e9duire leur empreinte \u00e9cologique. Des experts pr\u00e9senteront des strat\u00e9gies et des technologies innovantes pour am\u00e9liorer la durabilit\u00e9 des processus industriels et commerciaux.<\/li>\n<li><strong>Services aux entreprises<\/strong> : Ici, les participants pourront d\u00e9couvrir des services sp\u00e9cialement con\u00e7us pour soutenir les entreprises dans leur transition \u00e9cologique. Des ateliers et des d\u00e9monstrations seront propos\u00e9s pour montrer comment int\u00e9grer efficacement la question environnementale dans toutes les dimensions de l&#8217;entreprise.<\/li>\n<\/ol>\n<p>Les Entreprenariales 2024 s&#8217;annoncent comme un rendez-vous incontournable pour les acteurs \u00e9conomiques de la C\u00f4te d&#8217;Azur. En mettant en avant la responsabilit\u00e9 environnementale, l&#8217;\u00e9v\u00e9nement vise \u00e0 encourager les entreprises \u00e0 adopter des pratiques plus durables. Avec ses deux villages th\u00e9matiques, cette journ\u00e9e promet d&#8217;offrir des solutions concr\u00e8tes et innovantes pour un territoire plus responsable.<\/p>\n<p><a href=\"https:\/\/www.entreprenariales.com\/\">Plus d&#8217;informations<\/a><\/p>\n","protected":false},"featured_media":25664,"template":"","txn_evenements":[10,83,8,11,9],"acf":[],"yoast_head":"<!-- This site is optimized with the Yoast SEO plugin v19.12 - https:\/\/yoast.com\/wordpress\/plugins\/seo\/ -->\n<title>Entreprenariales 2026 - Invest in C\u00f4te d&#039;Azur<\/title>\n<meta name=\"description\" content=\"L&#039;\u00e9dition 2026 des Entreprenariales se tiendra le 4 juin 2026 \u00e0 l&#039;Allianz Riviera \u00e0 Nice.\" \/>\n<meta name=\"robots\" content=\"index, follow, max-snippet:-1, max-image-preview:large, max-video-preview:-1\" \/>\n<link rel=\"canonical\" href=\"https:\/\/www.investincotedazur.com\/en\/evenements\/entreprenariales-2024\/\" \/>\n<meta property=\"og:locale\" content=\"en_US\" \/>\n<meta property=\"og:type\" content=\"article\" \/>\n<meta property=\"og:title\" content=\"Entreprenariales 2026 - Invest in C\u00f4te d&#039;Azur\" \/>\n<meta property=\"og:description\" content=\"L&#039;\u00e9dition 2026 des Entreprenariales se tiendra le 4 juin 2026 \u00e0 l&#039;Allianz Riviera \u00e0 Nice.\" \/>\n<meta property=\"og:url\" content=\"https:\/\/www.investincotedazur.com\/en\/evenements\/entreprenariales-2024\/\" \/>\n<meta property=\"og:site_name\" content=\"Invest in C\u00f4te d&#039;Azur\" \/>\n<meta property=\"article:modified_time\" content=\"2026-03-18T15:25:15+00:00\" \/>\n<meta property=\"og:image\" content=\"https:\/\/www.investincotedazur.com\/wp-content\/uploads\/2024\/07\/entreprenariales-2026.jpg\" \/>\n\t<meta property=\"og:image:width\" content=\"1087\" \/>\n\t<meta property=\"og:image:height\" content=\"1536\" \/>\n\t<meta property=\"og:image:type\" content=\"image\/jpeg\" \/>\n<meta name=\"twitter:card\" content=\"summary_large_image\" \/>\n<meta name=\"twitter:site\" content=\"@Investcotedazur\" \/>\n<meta name=\"twitter:label1\" content=\"Est. reading time\" \/>\n\t<meta name=\"twitter:data1\" content=\"2 minutes\" \/>\n<script type=\"application\/ld+json\" class=\"yoast-schema-graph\">{\"@context\":\"https:\/\/schema.org\",\"@graph\":[{\"@type\":\"WebPage\",\"@id\":\"https:\/\/www.investincotedazur.com\/en\/evenements\/entreprenariales-2024\/\",\"url\":\"https:\/\/www.investincotedazur.com\/en\/evenements\/entreprenariales-2024\/\",\"name\":\"Entreprenariales 2026 - Invest in C\u00f4te d&#039;Azur\",\"isPartOf\":{\"@id\":\"https:\/\/www.investincotedazur.com\/en\/#website\"},\"datePublished\":\"2026-03-18T15:25:12+00:00\",\"dateModified\":\"2026-03-18T15:25:15+00:00\",\"description\":\"L'\u00e9dition 2026 des Entreprenariales se tiendra le 4 juin 2026 \u00e0 l'Allianz Riviera \u00e0 Nice.\",\"breadcrumb\":{\"@id\":\"https:\/\/www.investincotedazur.com\/en\/evenements\/entreprenariales-2024\/#breadcrumb\"},\"inLanguage\":\"en-US\",\"potentialAction\":[{\"@type\":\"ReadAction\",\"target\":[\"https:\/\/www.investincotedazur.com\/en\/evenements\/entreprenariales-2024\/\"]}]},{\"@type\":\"BreadcrumbList\",\"@id\":\"https:\/\/www.investincotedazur.com\/en\/evenements\/entreprenariales-2024\/#breadcrumb\",\"itemListElement\":[{\"@type\":\"ListItem\",\"position\":1,\"name\":\"Les \u00e9v\u00e9nements\",\"item\":\"https:\/\/www.investincotedazur.com\/en\/evenements\/\"},{\"@type\":\"ListItem\",\"position\":2,\"name\":\"Entreprenariales 2026\"}]},{\"@type\":\"WebSite\",\"@id\":\"https:\/\/www.investincotedazur.com\/en\/#website\",\"url\":\"https:\/\/www.investincotedazur.com\/en\/\",\"name\":\"Invest in C\u00f4te d'Azur\",\"description\":\"\",\"publisher\":{\"@id\":\"https:\/\/www.investincotedazur.com\/en\/#organization\"},\"alternateName\":\"Invest in C\u00f4te d'Azur\",\"potentialAction\":[{\"@type\":\"SearchAction\",\"target\":{\"@type\":\"EntryPoint\",\"urlTemplate\":\"https:\/\/www.investincotedazur.com\/en\/?s={search_term_string}\"},\"query-input\":\"required name=search_term_string\"}],\"inLanguage\":\"en-US\"},{\"@type\":\"Organization\",\"@id\":\"https:\/\/www.investincotedazur.com\/en\/#organization\",\"name\":\"Invest in C\u00f4te d'Azur\",\"alternateName\":\"Invest in C\u00f4te d'Azur\",\"url\":\"https:\/\/www.investincotedazur.com\/en\/\",\"logo\":{\"@type\":\"ImageObject\",\"inLanguage\":\"en-US\",\"@id\":\"https:\/\/www.investincotedazur.com\/en\/#\/schema\/logo\/image\/\",\"url\":\"https:\/\/www.investincotedazur.com\/wp-content\/uploads\/2023\/05\/cropped-New-missions-3.png\",\"contentUrl\":\"https:\/\/www.investincotedazur.com\/wp-content\/uploads\/2023\/05\/cropped-New-missions-3.png\",\"width\":512,\"height\":512,\"caption\":\"Invest in C\u00f4te d'Azur\"},\"image\":{\"@id\":\"https:\/\/www.investincotedazur.com\/en\/#\/schema\/logo\/image\/\"},\"sameAs\":[\"https:\/\/www.linkedin.com\/company\/investincotedazur\/\",\"https:\/\/twitter.com\/Investcotedazur\"]}]}<\/script>\n<!-- \/ Yoast SEO plugin. -->","yoast_head_json":{"title":"Entreprenariales 2026 - Invest in C\u00f4te d&#039;Azur","description":"L'\u00e9dition 2026 des Entreprenariales se tiendra le 4 juin 2026 \u00e0 l'Allianz Riviera \u00e0 Nice.","robots":{"index":"index","follow":"follow","max-snippet":"max-snippet:-1","max-image-preview":"max-image-preview:large","max-video-preview":"max-video-preview:-1"},"canonical":"https:\/\/www.investincotedazur.com\/en\/evenements\/entreprenariales-2024\/","og_locale":"en_US","og_type":"article","og_title":"Entreprenariales 2026 - Invest in C\u00f4te d&#039;Azur","og_description":"L'\u00e9dition 2026 des Entreprenariales se tiendra le 4 juin 2026 \u00e0 l'Allianz Riviera \u00e0 Nice.","og_url":"https:\/\/www.investincotedazur.com\/en\/evenements\/entreprenariales-2024\/","og_site_name":"Invest in C\u00f4te d&#039;Azur","article_modified_time":"2026-03-18T15:25:15+00:00","og_image":[{"width":1087,"height":1536,"url":"https:\/\/www.investincotedazur.com\/wp-content\/uploads\/2024\/07\/entreprenariales-2026.jpg","type":"image\/jpeg"}],"twitter_card":"summary_large_image","twitter_site":"@Investcotedazur","twitter_misc":{"Est. reading time":"2 minutes"},"schema":{"@context":"https:\/\/schema.org","@graph":[{"@type":"WebPage","@id":"https:\/\/www.investincotedazur.com\/en\/evenements\/entreprenariales-2024\/","url":"https:\/\/www.investincotedazur.com\/en\/evenements\/entreprenariales-2024\/","name":"Entreprenariales 2026 - Invest in C\u00f4te d&#039;Azur","isPartOf":{"@id":"https:\/\/www.investincotedazur.com\/en\/#website"},"datePublished":"2026-03-18T15:25:12+00:00","dateModified":"2026-03-18T15:25:15+00:00","description":"L'\u00e9dition 2026 des Entreprenariales se tiendra le 4 juin 2026 \u00e0 l'Allianz Riviera \u00e0 Nice.","breadcrumb":{"@id":"https:\/\/www.investincotedazur.com\/en\/evenements\/entreprenariales-2024\/#breadcrumb"},"inLanguage":"en-US","potentialAction":[{"@type":"ReadAction","target":["https:\/\/www.investincotedazur.com\/en\/evenements\/entreprenariales-2024\/"]}]},{"@type":"BreadcrumbList","@id":"https:\/\/www.investincotedazur.com\/en\/evenements\/entreprenariales-2024\/#breadcrumb","itemListElement":[{"@type":"ListItem","position":1,"name":"Les \u00e9v\u00e9nements","item":"https:\/\/www.investincotedazur.com\/en\/evenements\/"},{"@type":"ListItem","position":2,"name":"Entreprenariales 2026"}]},{"@type":"WebSite","@id":"https:\/\/www.investincotedazur.com\/en\/#website","url":"https:\/\/www.investincotedazur.com\/en\/","name":"Invest in C\u00f4te d'Azur","description":"","publisher":{"@id":"https:\/\/www.investincotedazur.com\/en\/#organization"},"alternateName":"Invest in C\u00f4te d'Azur","potentialAction":[{"@type":"SearchAction","target":{"@type":"EntryPoint","urlTemplate":"https:\/\/www.investincotedazur.com\/en\/?s={search_term_string}"},"query-input":"required name=search_term_string"}],"inLanguage":"en-US"},{"@type":"Organization","@id":"https:\/\/www.investincotedazur.com\/en\/#organization","name":"Invest in C\u00f4te d'Azur","alternateName":"Invest in C\u00f4te d'Azur","url":"https:\/\/www.investincotedazur.com\/en\/","logo":{"@type":"ImageObject","inLanguage":"en-US","@id":"https:\/\/www.investincotedazur.com\/en\/#\/schema\/logo\/image\/","url":"https:\/\/www.investincotedazur.com\/wp-content\/uploads\/2023\/05\/cropped-New-missions-3.png","contentUrl":"https:\/\/www.investincotedazur.com\/wp-content\/uploads\/2023\/05\/cropped-New-missions-3.png","width":512,"height":512,"caption":"Invest in C\u00f4te d'Azur"},"image":{"@id":"https:\/\/www.investincotedazur.com\/en\/#\/schema\/logo\/image\/"},"sameAs":["https:\/\/www.linkedin.com\/company\/investincotedazur\/","https:\/\/twitter.com\/Investcotedazur"]}]}},"_links":{"self":[{"href":"https:\/\/www.investincotedazur.com\/en\/wp-json\/wp\/v2\/cpt_evenements\/9389"}],"collection":[{"href":"https:\/\/www.investincotedazur.com\/en\/wp-json\/wp\/v2\/cpt_evenements"}],"about":[{"href":"https:\/\/www.investincotedazur.com\/en\/wp-json\/wp\/v2\/types\/cpt_evenements"}],"wp:featuredmedia":[{"embeddable":true,"href":"https:\/\/www.investincotedazur.com\/en\/wp-json\/wp\/v2\/media\/25664"}],"wp:attachment":[{"href":"https:\/\/www.investincotedazur.com\/en\/wp-json\/wp\/v2\/media?parent=9389"}],"wp:term":[{"taxonomy":"txn_evenements","embeddable":true,"href":"https:\/\/www.investincotedazur.com\/en\/wp-json\/wp\/v2\/txn_evenements?post=9389"}],"curies":[{"name":"wp","href":"https:\/\/api.w.org\/{rel}","templated":true}]}}

<p><strong>Faits marquants :</strong></p>
<ol>
<li>Le thème de l&#8217;édition 2024 est &#8220;Ensemble pour un territoire responsable&#8221;.</li>
<li>L&#8217;événement se tiendra au stade Allianz Riviera à Nice le 21 novembre.</li>
<li>Deux villages d&#8217;entreprises seront organisés : Territoire responsable et Services aux entreprises.</li>
</ol>
<p>L&#8217;édition 2024 des Entreprenariales se déroulera le 21 novembre de 9h à 18h au stade Allianz Riviera de Nice. Organisée par l&#8217;UPE06, cette journée dédiée aux entrepreneurs de la Côte d&#8217;Azur mettra en lumière des initiatives visant à réduire l&#8217;empreinte carbone des entreprises et à intégrer la durabilité dans leurs activités.</p>
<h3>Un événement au cœur de l&#8217;innovation responsable</h3>
<p>L&#8217;an dernier, sur le thème &#8220;Entreprise inclusive, un enjeu de performance&#8221;, l&#8217;événement a réuni plus de 5.000 responsables d&#8217;entreprises autour de discussions et d&#8217;échanges fructueux. Avec une centaine de stands, l&#8217;édition précédente a mis en avant les avantages de l&#8217;inclusivité pour la performance des entreprises. Cette année, l&#8217;accent sera mis sur la responsabilité environnementale, un sujet de plus en plus crucial pour les entreprises de la région.</p>
<h3>Deux villages d&#8217;entreprises pour un impact concret</h3>
<p>Les Entreprenariales 2024 se distingueront par leurs deux villages thématiques :</p>
<ol>
<li><strong>Territoire responsable</strong> : Ce village se concentrera sur les solutions permettant aux entreprises de réduire leur empreinte écologique. Des experts présenteront des stratégies et des technologies innovantes pour améliorer la durabilité des processus industriels et commerciaux.</li>
<li><strong>Services aux entreprises</strong> : Ici, les participants pourront découvrir des services spécialement conçus pour soutenir les entreprises dans leur transition écologique. Des ateliers et des démonstrations seront proposés pour montrer comment intégrer efficacement la question environnementale dans toutes les dimensions de l&#8217;entreprise.</li>
</ol>
<p>Les Entreprenariales 2024 s&#8217;annoncent comme un rendez-vous incontournable pour les acteurs économiques de la Côte d&#8217;Azur. En mettant en avant la responsabilité environnementale, l&#8217;événement vise à encourager les entreprises à adopter des pratiques plus durables. Avec ses deux villages thématiques, cette journée promet d&#8217;offrir des solutions concrètes et innovantes pour un territoire plus responsable.</p>
<p><a href="https://www.entreprenariales.com/">Plus d&#8217;informations</a></p>

<!-- This site is optimized with the Yoast SEO plugin v19.12 - https://yoast.com/wordpress/plugins/seo/ -->
<title>Entreprenariales 2026 - Invest in Côte d&#039;Azur</title>
<meta name="description" content="L&#039;édition 2026 des Entreprenariales se tiendra le 4 juin 2026 à l&#039;Allianz Riviera à Nice." />
<meta name="robots" content="index, follow, max-snippet:-1, max-image-preview:large, max-video-preview:-1" />
<link rel="canonical" href="https://www.investincotedazur.com/en/evenements/entreprenariales-2024/" />
<meta property="og:locale" content="en_US" />
<meta property="og:type" content="article" />
<meta property="og:title" content="Entreprenariales 2026 - Invest in Côte d&#039;Azur" />
<meta property="og:description" content="L&#039;édition 2026 des Entreprenariales se tiendra le 4 juin 2026 à l&#039;Allianz Riviera à Nice." />
<meta property="og:url" content="https://www.investincotedazur.com/en/evenements/entreprenariales-2024/" />
<meta property="og:site_name" content="Invest in Côte d&#039;Azur" />
<meta property="article:modified_time" content="2026-03-18T15:25:15+00:00" />
<meta property="og:image" content="https://www.investincotedazur.com/wp-content/uploads/2024/07/entreprenariales-2026.jpg" />
	<meta property="og:image:width" content="1087" />
	<meta property="og:image:height" content="1536" />
	<meta property="og:image:type" content="image/jpeg" />
<meta name="twitter:card" content="summary_large_image" />
<meta name="twitter:site" content="@Investcotedazur" />
<meta name="twitter:label1" content="Est. reading time" />
	<meta name="twitter:data1" content="2 minutes" />
<script type="application/ld+json" class="yoast-schema-graph">{"@context":"https://schema.org","@graph":[{"@type":"WebPage","@id":"https://www.investincotedazur.com/en/evenements/entreprenariales-2024/","url":"https://www.investincotedazur.com/en/evenements/entreprenariales-2024/","name":"Entreprenariales 2026 - Invest in Côte d&#039;Azur","isPartOf":{"@id":"https://www.investincotedazur.com/en/#website"},"datePublished":"2026-03-18T15:25:12+00:00","dateModified":"2026-03-18T15:25:15+00:00","description":"L'édition 2026 des Entreprenariales se tiendra le 4 juin 2026 à l'Allianz Riviera à Nice.","breadcrumb":{"@id":"https://www.investincotedazur.com/en/evenements/entreprenariales-2024/#breadcrumb"},"inLanguage":"en-US","potentialAction":[{"@type":"ReadAction","target":["https://www.investincotedazur.com/en/evenements/entreprenariales-2024/"]}]},{"@type":"BreadcrumbList","@id":"https://www.investincotedazur.com/en/evenements/entreprenariales-2024/#breadcrumb","itemListElement":[{"@type":"ListItem","position":1,"name":"Les événements","item":"https://www.investincotedazur.com/en/evenements/"},{"@type":"ListItem","position":2,"name":"Entreprenariales 2026"}]},{"@type":"WebSite","@id":"https://www.investincotedazur.com/en/#website","url":"https://www.investincotedazur.com/en/","name":"Invest in Côte d'Azur","description":"","publisher":{"@id":"https://www.investincotedazur.com/en/#organization"},"alternateName":"Invest in Côte d'Azur","potentialAction":[{"@type":"SearchAction","target":{"@type":"EntryPoint","urlTemplate":"https://www.investincotedazur.com/en/?s={search_term_string}"},"query-input":"required name=search_term_string"}],"inLanguage":"en-US"},{"@type":"Organization","@id":"https://www.investincotedazur.com/en/#organization","name":"Invest in Côte d'Azur","alternateName":"Invest in Côte d'Azur","url":"https://www.investincotedazur.com/en/","logo":{"@type":"ImageObject","inLanguage":"en-US","@id":"https://www.investincotedazur.com/en/#/schema/logo/image/","url":"https://www.investincotedazur.com/wp-content/uploads/2023/05/cropped-New-missions-3.png","contentUrl":"https://www.investincotedazur.com/wp-content/uploads/2023/05/cropped-New-missions-3.png","width":512,"height":512,"caption":"Invest in Côte d'Azur"},"image":{"@id":"https://www.investincotedazur.com/en/#/schema/logo/image/"},"sameAs":["https://www.linkedin.com/company/investincotedazur/","https://twitter.com/Investcotedazur"]}]}</script>
<!-- / Yoast SEO plugin. -->

Entreprenariales 2026 - Invest in Côte d&#039;Azur

L'édition 2026 des Entreprenariales se tiendra le 4 juin 2026 à l'Allianz Riviera à Nice.

Invest in Côte d&#039;Azur

Les événements

Invest in Côte d'Azur
